 is the units digit of o?
0
Let f = 38 + -22. Let a = f + -11. Let p(b) = 3*b - 6. What is the units digit of p(a)?
9
Let m(d) = -34*d + 517. What is the units digit of m(-46)?
1
Let v be 1*30*(-168)/(-60). Let l be 12/v - (-54)/14. Suppose o - 2*o + 3 = 0, l*t - 2*o - 74 = 0. What is the tens digit of t?
2
Let s(i) be the third derivative of -i**6/120 + 7*i**5/30 + 17*i**4/24 - 5*i**3/3 + 10*i**2. Let l be s(15). Let a = 44 - l. What is the tens digit of a?
2
Let l = -1319 + 2298. What is the units digit of l?
9
What is the units digit of (-4)/(-34) - (-80145)/85?
3
Let v(f) = -f**3 + 13*f**2 + 19*f + 10. What is the tens digit of v(14)?
8
Suppose -3*l - 5*l = 0. What is the units digit of (l - -3)/(-9)*-6?
2
Let r(y) = 4*y + 3. Let x be r(5). Let p(d) = x + 0*d - d - 18. What is the tens digit of p(-8)?
1
Let c be (-6)/(-10) + -2 + (-72)/(-30). Let o(y) be the third derivative of 25*y**4/24 + y**3/3 + 2*y**2. What is the units digit of o(c)?
7
Let a = -15 - -14. What is the tens digit of -2 + 1 + 53 + a?
5
Let p(f) = 3*f**2 - 4*f + 4. Let j be p(3). Suppose -3*o + 4*o - j = 0. Let d(h) = 4*h - 16. What is the units digit of d(o)?
0
What is the hundreds digit of 400 + 2 + 1 - 7?
3
Let s = -33 + 35. Suppose -s*f + 3*g + 1 = 0, 0 = -4*g - 7 + 19. What is the units digit of f?
5
What is the hundreds digit of ((-1)/(6/(-123)))/((-15)/(-3390))?
6
Suppose 4*v + 3*f + 0*f = -7, -4*v - 2*f - 6 = 0. Let l(y) = -70*y + 2. What is the tens digit of l(v)?
7
Let c(z) = 2*z**2 + 6*z + 18. Let x(k) = -3*k**2 - 13*k - 36. Let u(b) = -5*c(b) - 3*x(b). What is the units digit of u(8)?
6
Let i be 55/(-4) - (-6)/8. Let t = i + 17. What is the units digit of (759/(-22))/((-3)/t)?
6
Let h be (138/(-12))/(2/4) - 0. Let a = -10 - h. What is the tens digit of a?
1
Suppose 3 = 5*i - 17. Let k = 9 - i. Let t = 13 - k. What is the units digit of t?
8
Suppose 3*h = 8*h - 20. Suppose h*f + 16 = 8*f, 0 = 5*b + 3*f - 372. What is the tens digit of b?
7
Let v be 27/2 - (-6)/(-12). Let l = -11 + v. Suppose -t - l*t + 45 = 0. What is the tens digit of t?
1
What is the units digit of 50/20*2*47?
5
What is the units digit of 9/((-27)/(-1983)) - (-3)/1?
4
Suppose 0 = u - 5*b + 505 - 2668, 5*u + 2*b - 10761 = 0. What is the tens digit of u?
5
Let x(l) = l**3 - 7*l**2 - 12*l - 8. Suppose -y = -9 + 6. Suppose -35 = -y*u - 8. What is the units digit of x(u)?
6
Suppose -2*s = 5*s - 700. Let m = s - 18. What is the units digit of m?
2
Suppose 5406 = 32*d - 26*d. What is the tens digit of d?
0
Let f(j) = 2*j - 2. Let d be f(2). Let g(u) = 0*u - 1 + 2*u + 11*u**2 - 6*u**2. What is the tens digit of g(d)?
2
Let i(q) = 22*q - 1. Let d(x) = -x**3 - 8*x**2 + 10*x + 12. Let w be d(-9). Suppose -5 = -g, -l - w*g = -4 - 14. What is the units digit of i(l)?
5
Suppose 472 = 2*l - 8. Suppose 5*y = -5*w + l, 0 = 4*y - 4*w - 110 - 58. What is the units digit of y?
5
Suppose 2*u + 515 = 1725. Suppose -2*k - u = -7*k. What is the hundreds digit of k?
1
Suppose 0 = -3*k - 5*l + 325, 5*l - 762 = -5*k - 217. Let c = k - 51. What is the tens digit of c?
5
Let f(u) = u**3 + 8*u**2 + u - 6. Let n be f(-9). Let v = 191 + n. What is the units digit of v?
5
Suppose 3*g - y = 137, 2*g + 3*y - 46 - 49 = 0. Let a be g/(-10) + (-30)/(-50). What is the tens digit of ((-55)/20)/(1/a)?
1
Let c(m) = m**2 + 7*m + 6. Let w be c(-6). Let z be -2 + w + 1 + -2. What is the units digit of (-9)/z*(-2)/(-2)?
3
Let n be (-1)/(-2) - 30/(-12). Suppose n*i + 12 = 45. Let a = 42 - i. What is the tens digit of a?
3
Suppose 3*d - 5*c + 10 + 76 = 0, -4*c - 205 = 5*d. Let p = d + 93. What is the tens digit of p?
5
Suppose -5*n - 36*n + 57564 = 0. What is the tens digit of n?
0
Let s(f) = f**3 + 31*f**2 - f - 2. Let y be s(-14). Let q be (-4)/(-12) - y/(-12). Suppose -5*z - 44 = -q. What is the tens digit of z?
4
Suppose 2*p + 34 = 36. What is the units digit of p*2*(3 - (-82 - 2))?
4
Suppose 11*m = -5*m - 352. What is the hundreds digit of (m/(-2))/(15/255)?
1
Suppose -l = 5*v - 740, -802 = -l - 2*v - 77. What is the units digit of l?
5
Let o = -23 + 28. Suppose -h = -5*q + 2*h + 10, -o*q = -h - 10. Suppose q*j + 6 = -3*a - 3, 3*a + 24 = 3*j. What is the units digit of j?
3
Let n = 24 + -28. What is the tens digit of -4 + n/(-4) - -157?
5
Let p(i) = -i + 1. Let s(g) = -g**2 + 13*g - 10. Let h be s(12). Let m(n) = -7*n + 12. Let b(a) = h*m(a) - 22*p(a). What is the units digit of b(2)?
8
Suppose 6*p = 3*p - 39. Let i = p - -17. Suppose 4*g = i*u - 148, u + 2*u - 111 = -g. What is the units digit of u?
7
Let h(z) = -6*z - 6. Let s be h(-2). Suppose -f + 421 = 4*d, 11*f + 183 = 2*d + s*f. What is the hundreds digit of d?
1
What is the units digit of 4940/6 - 8/12*-1?
4
Let y be (-2 + -11)/(2 + -3). What is the units digit of ((-34)/6)/(y/(-39))?
7
Let x = -969 + 2986. What is the hundreds digit of x?
0
What is the thousands digit of 66948/49 + (-4)/14 + -5?
1
Suppose 5*j = 5 + 20, -u + 156 = j. What is the units digit of u?
1
Let m be (-32)/((-5)/(5/2)). Suppose 0 = -5*h + m + 74. Let k = -12 + h. What is the units digit of k?
6
Let x(n) = 16*n**2 - 61*n - 245. What is the tens digit of x(-4)?
5
Suppose 4*r + 24 = 6*r. Suppose n - 158 = 2*v, 4*v = v - r. What is the tens digit of n?
5
Let s(c) = -c**3 - 11*c**2 - 26*c + 14. What is the tens digit of s(-12)?
7
Let u(h) = -h + 11. Let o be u(7). Suppose -o*l + 7 = -5. Suppose 5*d - 8 = -l. What is the units digit of d?
1
Let u(r) be the first derivative of r**2 + 40*r + 6. What is the tens digit of u(0)?
4
Suppose c + 5*u - 2297 = 0, -c - 9*u + 2273 = -12*u. What is the tens digit of c?
8
Let c = 33 - 27. Suppose 2*r - 35 = -o + c*r, 3*o - 81 = 4*r. What is the tens digit of o?
2
Let g(l) be the first derivative of 16*l**3/3 + 7*l**2/2 - 41. What is the hundreds digit of g(4)?
2
Let i(q) = -4*q - 5. Let r be i(10). Let b be (2/5)/((-3)/r). Let t = 9 - b. What is the units digit of t?
3
Suppose 0 = 5*g - p - 34 + 158, 2*g - 3*p + 47 = 0. Let a = g - -35. What is the units digit of a?
0
Suppose -5*t + 2337 = -10798. What is the thousands digit of t?
2
Let l be ((-54)/(-3))/((-4)/(-4 + 0)). What is the tens digit of 6*(-16)/l*15/(-4)?
2
Suppose 2691 + 3037 = 16*q. What is the hundreds digit of q?
3
Let n = -1010 - -1542. What is the units digit of n?
2
Let w = 26 + -21. Suppose 3*t = -w*d + 20, -4*t = d + t - 4. Suppose -41 = -d*r - 13. What is the units digit of r?
7
Suppose -215 = -i + 4*n, -2*n - 737 = -3*i - 122. Let h = i - -2. What is the units digit of h?
5
Let v = 32 - 29. What is the units digit of v/2*62 - 0?
3
Let c = 4 - -8. Let k be 9*((-200)/c)/(-5). Suppose 10*v + k = u + 5*v, 0 = -u + 2*v + 24. What is the tens digit of u?
2
Let z(v) = 217*v - 959. What is the tens digit of z(25)?
6
Suppose r + 225 = 77. Let q = r + 13. What is the units digit of 2/(-3)*q/10?
9
Let l(p) = 2*p**2 + 5*p + 5. Let b be l(-2). Suppose 2*t + b*f - 20 = 0, t = 2*f + 3 + 21. What is the tens digit of t?
1
Let g be ((-8)/(-2) - 12)/(-1). Let j(a) = -6*a**2 + 17 + a**3 - g + 2*a - 11. What is the tens digit of j(6)?
1
Let m be (4/(-3))/((-2)/9). Suppose m*b + 60 = 5*b. Let q = b + 91. What is the units digit of q?
1
Suppose 4*p - 1760 = -5*w, 4*p + 328 = -3*w + 4*w. Suppose 4*c = -2*c + w. What is the tens digit of c?
5
Suppose 9*l - 3319 + 7 = 0. What is the units digit of l?
8
Let y = 117 - 56. Suppose -2*n + 33 + y = 4*w, 156 = 3*n + w. What is the tens digit of n?
5
Suppose -4*d + 602 = -2*r, -753 = -2*d - 3*d + 2*r. What is the tens digit of d?
5
Let k = 15 - 13. Suppose -k*v = p - 5, 2*p - 25 = -3*p - 2*v. Let q(j) = -j**3 + 7*j**2 - 6*j - 3. What is the units digit of q(p)?
7
Let j be (4 - (-47 - -4)) + 2. Suppose 0 = s + j - 146. What is the units digit of s?
7
Let y(j) = -130*j - 15. What is the hundreds digit of y(-9)?
1
Suppose 0 = 53*p - 25*p - 15680. What is the tens digit of p?
6
Let l(a) = 22*a**2 + 0 - 19*a**2 - 31 - 8*a. What is the tens digit of l(9)?
4
Let h(v) = -144*v + 65. What is the thousands digit of h(-8)?
1
Let f = 16 + -51. Let j = 25 - f. Suppose -3*m + 2*q + 46 = -13, -2*q = 4*m - j. What is the tens digit of m?
1
Let o(h) = h**3 + 27*h**2 + 15*h + 87. What is the hundreds digit of o(-21)?
4
Suppose 89 - 107 = -6*y. Suppose -3*j + y*l + 13 = -8, -3*j + 26 = -4*l. What 